 c.
37
Let p = -407 - -510. Calculate the highest common factor of p and 1.
1
Suppose -2 = -2*f, -4*f = 10*j - 9*j - 40. What is the highest common factor of j and 240?
12
Let r = -100 - -102. Let u be (728/(-9))/(-14) - r/(-9). What is the highest common factor of u and 3?
3
Suppose -4*k + 3*q + 344 = -1015, q - 1029 = -3*k. Calculate the greatest common factor of k and 18.
18
Let a(c) = 115*c**2 - 10*c. Let p be a(-2). What is the greatest common divisor of 60 and p?
60
Suppose -17 = -r + 5*w, -2*r + 7 = w - 2*w. Suppose r*q = -25 + 85. What is the highest common divisor of 30 and q?
30
Let x(f) = -f**3 + 8*f**2 - 10*f - 6. Let r be x(6). Suppose -3*z = -25 + 4. Let l be (1 - 2)*(z + -9). What is the highest common divisor of r and l?
2
Let v = -1796 - -1850. What is the highest common divisor of v and 1584?
18
Let n(w) = 2*w**2 + w + 4. Let a be n(0). Suppose -v = -a*b + 31 - 123, -2*b = 3*v - 318. Calculate the greatest common factor of 26 and v.
26
Suppose -4*b + 131 = -o, b - 4*o - 62 = -b. Let f be 3*(2 - b/(-9)). Let w = 99 + -82. What is the greatest common divisor of w and f?
17
Let g(x) = x**3 + x**2 + 5. Let k be g(0). Suppose k*c = 6*c - 52. What is the highest common factor of c and 13?
13
Suppose b - 260 = -3*h, 5*b + 372 = h + 3*h. What is the greatest common divisor of h and 132?
44
Let o(q) = -3 - 1 + 2*q - 3 - q. Let u be o(11). Suppose u*y = -0*y + 48. Calculate the highest common divisor of y and 36.
12
Let p = 8 - 4. Suppose 0 = -m + 4*m - 48. Calculate the greatest common factor of m and p.
4
Let w(h) = -3*h**2 - 4*h - 2. Let r(u) = u**2 + u. Let p(g) = -6*r(g) - 3*w(g). Let c be p(-4). What is the highest common divisor of 12 and c?
6
Let q(d) = d**3 - 2*d**2 + 2. Let p be q(3). Let t = 329 + -109. Suppose -t = -u - 4*u. What is the greatest common factor of p and u?
11
Let d = -34 + 419. Let c be -10*(-1)/(-6)*-33. What is the greatest common divisor of d and c?
55
Let o = 1 - 1. Let x be 6/((-18)/(-67)) + 4/6. Let l = x - o. Calculate the greatest common divisor of l and 253.
23
Let f = 6 + -5. Suppose 4*r + 3*i + 1 = -0*i, -r = i + f. Suppose 0 = -3*l + 9, -6 = 3*c - 5*l + 6. What is the greatest common factor of r and c?
1
Let i(n) = n**3 - 3*n**2 - 3*n - 2. Suppose 0*w - 9 = -3*w. Let s be i(w). Let m = 8 - s. Calculate the highest common divisor of m and 19.
19
Suppose 6*w - 23*w + 1020 = 0. Calculate the highest common divisor of w and 100.
20
Let i be ((-38)/133 + 221/14)*2. Calculate the greatest common factor of 403 and i.
31
Suppose b - 13 = -3*v, 7*v + 5*b = 3*v - 1. Calculate the greatest common factor of v and 69.
3
Let i = 3495 + -2519. Calculate the highest common divisor of 366 and i.
122
Suppose -16 = 2*a + m - 66, 85 = 3*a - m. Calculate the highest common factor of 45 and a.
9
Suppose -4*h - 5*r + 32060 = -3*r, -5*h + 40101 = -4*r. Suppose -10*f = 3067 - h. What is the highest common factor of 45 and f?
45
Suppose 29*a - 2900 = -0*a. What is the greatest common divisor of 3100 and a?
100
Let v = -1322 - -4019. Calculate the highest common factor of 93 and v.
93
Let m = -13 + 8. Let r be (-1)/m - 1312/(-40). Let z be 11/r + (-47)/(-3). What is the highest common divisor of z and 40?
8
Let g(q) = 2*q**2 + 13*q - 7. Let o be g(5). Calculate the greatest common divisor of 81 and o.
27
Let i be ((-208)/20)/(3*(-1)/30). What is the highest common factor of 26 and i?
26
Let v = 3 + -3. Suppose 3*i + v*i = 5*o + 20, 54 = 5*i + 2*o. Let s(a) = 18*a**2 - 5*a - 3. Let j be s(-1). What is the highest common factor of j and i?
10
Suppose -33 + 17 = -8*n. Suppose s - 508 = -n*s + w, -5*s = 5*w - 860. What is the greatest common divisor of s and 68?
34
Suppose -16*t + 134 + 122 = 0. Calculate the highest common factor of 104 and t.
8
Let i(d) = -3*d + 4. Let b be i(-7). Let p(n) = 2*n - 9. Let z be p(12). Let s be (z/(-6))/((-2)/8). Calculate the greatest common factor of b and s.
5
Let m be 140/49*(-77)/(-22). Suppose 3*j = j + 2, 4*g = j + 7. What is the greatest common divisor of m and g?
2
Let f(p) = 43*p - 2. Let w be f(2). Suppose 0 = -4*x - x - 70. Let d = x + 26. What is the highest common factor of d and w?
12
Suppose 0 = -2*w + 3*w - 3. Suppose w*l = -5*d + 3, 0 = d - 0*d + l + 1. Calculate the greatest common factor of d and 3.
3
Let x = 6 + 4. Let m = -1788 - -2018. Calculate the greatest common divisor of m and x.
10
Let t be 1533 + (-16)/(-32)*(1 + -7). Calculate the greatest common divisor of 90 and t.
90
Let o(z) = 2*z**3 + 2*z - 1. Let u be o(1). Suppose -u*i + 441 - 3 = 0. Let c = i - 102. Calculate the greatest common divisor of 4 and c.
4
Let v = 37 + -7. Let f(y) = y**2 + y - 2. Let k be f(0). Let t = k + 14. What is the greatest common divisor of t and v?
6
Suppose 0 = -a - 4*a - 3*v - 385, 2*a + 128 = 4*v. Let p = a + 81. Calculate the highest common divisor of 35 and p.
7
Suppose -139 - 85 = -g. Calculate the greatest common factor of g and 28.
28
Suppose -4*a - 40 = -v, 0 = 4*v - 5*a + 3*a - 118. Let i be ((-14)/3)/(4/((-48)/4)). What is the greatest common factor of i and v?
14
Let c be (-8)/4 - (-12)/4. Let o = -1 - -20. What is the highest common factor of c and o?
1
Let v = 37 + -180. Let w(z) = 5*z**2 + 10*z + 2. Let m be w(-8). Let j = v + m. What is the highest common factor of j and 9?
9
Let v = 24 - -12. Suppose -5*y + 32 = 3*h, 3*h - 4*y - 6 = 17. What is the greatest common factor of h and v?
9
Suppose 55 + 905 = 20*g. What is the highest common divisor of 126 and g?
6
Let o = -91 - -147. Suppose 2*u + 4*a = 28, 2*u - 3*a + 4 = -3. Let r be (66/u - (-6)/(-4)) + -1. Calculate the highest common factor of o and r.
14
Let n(l) = l**3 + 7*l**2 - 10*l - 14. Let x be n(-8). Let c be x*(0 + 226/4) - 3. Calculate the greatest common factor of c and 22.
22
Let z be (-2)/(-8) - -22*4/32. Let o = -2 - -1. Let a be (0/o)/z - -90. Calculate the highest common divisor of 10 and a.
10
Let v = -36 - -9. Let b = 32 + v. Suppose -15 = -b*h + 2*h, 5*t = 3*h + 60. Calculate the highest common divisor of t and 135.
15
Suppose 23*v - 19*v = 8. Suppose 6*l - 12 = 2*l. What is the greatest common divisor of v and l?
1
Suppose 9*x - 21 = 2*x. Suppose -3*s + 5*m = -x, -7 = -3*s + 2*m + 5. Calculate the highest common factor of s and 30.
6
Let o(x) = x**3 + 2*x**2 - 3*x + 8. Let z be o(-3). Calculate the highest common divisor of 24 and z.
8
Let m = -95 + 159. Calculate the greatest common divisor of m and 296.
8
Suppose 0 = 801*j - 784*j - 8840. What is the highest common divisor of j and 195?
65
Let r be 318/(-4)*4/(-6). Let y = -38 + 113. Let n = y - r. Calculate the highest common factor of n and 11.
11
Suppose 80 = 4*f + 4*j, 3*j - 56 = -3*f + j. Let s = f + -13. Suppose 0 = s*t - 94 - 122. Calculate the greatest common factor of 8 and t.
8
Let h = -5 - -8. Suppose 24*w - 22*w = 25*w - 23. What is the greatest common divisor of w and h?
1
Let o(q) = -q**2 - 6*q + 5. Let i be o(8). Let k = i + 158. Suppose -3*h - 3*r + k = 0, r = 2*h - 2*r - 34. Calculate the highest common divisor of 119 and h.
17
Suppose -b + 3 + 77 = 0. Let p be ((-8)/10)/((-8)/b). Suppose -p*z + 9*z = 45. What is the highest common divisor of z and 15?
15
Let l be (4/(-10))/(24/(-2400)). Let m(z) = -z**2 - 6*z - 3. Let x be m(-2). What is the highest common factor of l and x?
5
Suppose 6*c + 546 = 552. What is the greatest common factor of 13 and c?
1
Suppose -84 = -3*l - 3. Let w = l + -2. What is the highest common divisor of w and 5?
5
Suppose 2*k - 71 = 5*x + 19, 37 = -2*x + k. Let t = -12 - x. Suppose a - t*u = 6, -4*u + 0*u = -12. Calculate the highest common factor of 45 and a.
9
Suppose -15055 = -30*n - 153*n + 1415. Let h(c) = -c**3 + 3*c**2 + 4*c - 2. Let j be h(3). Calculate the greatest common divisor of n and j.
10
Let l = 550 - 507. What is the greatest common factor of 989 and l?
43
Let n(x) = 4*x + 7. Let y be n(3). Suppose 4*u - 8 = 4, -3*u - 257 = -2*g. What is the highest common factor of y and g?
19
Suppose 30*f - 12*f = 234. Calculate the greatest common divisor of f and 91.
13
Suppose -476 = -4*l - 32. Let a be l/12 - (-1)/(-4). What is the greatest common divisor of a and 9?
9
Let d be ((95/10)/(-19))/(1/(-170)). Calculate the greatest common factor of d and 119.
17
Let s(h) = -h**3 + 9*h**2 + 7*h + 10. 